 = -14*o + 8. What is the hundreds digit of p(-7)?
1
Let i(c) = c**3 - 14*c**2 + 4. Let r be i(14). Let o = 1 + r. Let p(y) = -y**3 + 5*y**2 + y - 4. What is the units digit of p(o)?
1
Let t be ((-4)/(-8))/(1/8). Suppose -t = -3*f + 44. What is the tens digit of f?
1
Suppose -2*s = -5*s + v + 30, 5*v + 6 = -s. What is the units digit of s?
9
Let i(d) = -3*d**2 - 20*d - 6. Let b be i(-6). Let l(g) = -2*g**3 + 5*g**2 + 3*g - 4. Let q be l(4). What is the units digit of (q/30)/((-4)/b)?
2
What is the hundreds digit of (((-4108)/8)/13)/((-2)/20)?
3
Let o(h) = 2*h - 1. Let t be o(-6). Let c = -9 - t. What is the units digit of c?
4
Suppose -3*k - 4 = -19. Suppose -4*z - 18 = -k*z. What is the units digit of z?
8
Let t(h) = h**3 - 2*h + 33. What is the tens digit of t(0)?
3
What is the tens digit of (1 + 49/(-3))/(12/(-252))?
2
Suppose 2*w - 3*h - 45 = -3*w, w = 4*h + 26. Suppose -w = -t - 0*t. What is the units digit of t?
6
Let u(t) = -t**2 - 10*t - 2. Let i be u(-9). Let j(h) = h - 6*h - 2 + 7*h. What is the units digit of j(i)?
2
Suppose 5*p - 2*u = -25, -2*p - 5*u - 14 + 4 = 0. What is the units digit of p/(-1) + (-4)/2?
3
Suppose 4248 = 17*v - 5*v. What is the hundreds digit of v?
3
Suppose -351 - 357 = -2*v. What is the units digit of v?
4
Suppose -s = -6*s + 50. What is the units digit of (s + -9)*(35 + -1)?
4
Suppose -3 + 9 = 3*s. What is the units digit of s?
2
What is the units digit of 5*(664/20 + -5)?
1
Let b = -104 + 131. What is the units digit of b?
7
Suppose b - 4*y = -7*y + 255, 0 = -5*b - 4*y + 1297. What is the tens digit of b?
6
Let g(j) = -j**3 + 7*j**2 - 4*j - 12. What is the tens digit of g(5)?
1
Suppose 40 = -5*c - 0*c. Let g(p) = -p**2 - 7*p - 2. Let r be g(c). Let v = -5 - r. What is the units digit of v?
5
Let r = 36 + -21. Let f = r - 1. What is the units digit of f?
4
Let j = -172 + 314. What is the tens digit of j?
4
Suppose 3*t - r - r - 14 = 0, 4*t + 4*r = -8. Suppose 0*k = k - 16. What is the tens digit of k + -4 + t*1?
1
Let s = -24 + 38. What is the units digit of s?
4
Suppose -3*j - 2*k + 6 = 2, 0 = 2*k + 8. Suppose j*s - w = 341, 5*s + 2*w - 427 = 3*w. Suppose -4*y + s - 30 = 0. What is the tens digit of y?
1
Let w(n) = -23*n. What is the units digit of w(-1)?
3
Let r(n) = 1 + 0*n**2 + 2*n - 2 + 4*n**3 - 5*n**2 + 3*n**2. Let w be r(1). Suppose a + 23 = 2*x - 0*x, w*x + 5*a - 67 = 0. What is the tens digit of x?
1
Let t(g) be the first derivative of g**3/3 + g**2 + 2*g - 3. What is the tens digit of t(-6)?
2
Let q(y) = -y**2 + 31*y + 63. What is the hundreds digit of q(26)?
1
Let l be (-117)/(-12)*8/3. Suppose -s + l = s. What is the tens digit of s?
1
Let l(g) = -g**3 - 4*g**2 - 2*g. Let p be l(-3). Let a = 10 + p. What is the units digit of a?
7
Suppose -134 = -4*d + 2*m, 2*d - 82 = 3*m - 5*m. What is the tens digit of d?
3
Suppose 4*d + 136 = 4*q, 2*q - 106 + 43 = d. What is the tens digit of q?
2
Let j = -59 + 117. What is the units digit of j?
8
Suppose 0 = -2*a - 3*a + 1125. What is the units digit of a?
5
Let f = 21 - 34. Suppose 3*s = -b + 12, 3*s - 30 = 5*b - 0*s. Let g = b - f. What is the tens digit of g?
1
Suppose -2*l = 7*l - 2205. What is the tens digit of l?
4
Let s(l) = -l**2 - 37*l + 1. What is the hundreds digit of s(-7)?
2
Suppose 0*f - 3*f + 18 = 0. What is the units digit of f?
6
Let a(k) = k**3 + k**2 + k + 2. Let h be a(-2). What is the tens digit of (2/(-3))/(h/138)?
2
Let k = 47 + 8. Let c be 2/(-8) + k/(-4). Let t = 36 + c. What is the tens digit of t?
2
Suppose 5*g = a - 12, 2*a = 5*g - 1 + 10. Let n = 4 - g. What is the units digit of n?
7
Let h be (28/16)/((-1)/(-4)). Let v(k) = -k**3 + 8*k**2 - 6*k + 4. What is the tens digit of v(h)?
1
Let s(g) = -g**3 + 53 - 3*g - 2*g**2 + 0*g - 52. What is the tens digit of s(-3)?
1
Let u be 33/12 + (-1)/(-4). Let k(w) be the first derivative of w**3/3 + w**2/2 + w - 1. What is the units digit of k(u)?
3
Let k be (-2)/(4/(-6)) - 1. Suppose 60 = k*s - 2*q, q + 0 + 1 = 0. What is the units digit of s?
9
Let o be ((-8)/(-10))/((-8)/40). What is the units digit of (10/(-4))/(2/o)?
5
Let g(u) = u**3 + 16*u**2 + 10*u - 21. What is the units digit of g(-15)?
4
Suppose 0*w + 39 = 2*w - x, 3*w = -4*x + 86. What is the units digit of w?
2
Let n(m) = m - 4. Let p be n(4). Suppose p = -4*o + 2*o + 40. What is the tens digit of o?
2
Let q(v) = v**2 + v + 3. What is the tens digit of q(-4)?
1
Suppose -5*q + 3*p - 42 = 0, 4*p - 2 - 2 = -2*q. What is the units digit of (104/(-6))/(4/q)?
6
Let p(s) = 2*s**3 - 9*s**2 + 26. What is the tens digit of p(6)?
3
Let c(w) be the first derivative of -1 + 7*w - 1/2*w**2. What is the units digit of c(5)?
2
Let s(f) = -4*f - 13. Let m = -29 + 21. What is the units digit of s(m)?
9
Suppose -2*z - 5*q + 2*q + 45 = 0, 3*z - q - 51 = 0. What is the units digit of z?
8
Let z(f) = -6*f + 4. What is the units digit of z(-4)?
8
Let u = -2 - -10. Let j = -6 + u. Suppose -c + 30 = j*c. What is the units digit of c?
0
Suppose -516 = -2*h - 4*h. What is the tens digit of h?
8
Suppose -55 = -0*b - 5*b. Suppose -5*m + b = -4. Suppose x = -i + 3, -4*x + 14 = m*i + 3. What is the units digit of i?
1
Let d = 150 + -81. What is the tens digit of d?
6
Suppose p = -3*p - 2*n + 10, -2 = -2*n. Suppose p*m - 5*m + 54 = 0. What is the tens digit of m?
1
Let c be 6 + 8/6*3/(-2). Suppose 2*m = 3*m. Suppose -c*s + 21 = -v, m = s + s - 4*v. What is the units digit of s?
6
Let l(r) = 3*r + 11. Let n be l(14). Let m = 77 - n. What is the units digit of m?
4
Suppose 161 = -3*h + 203. What is the tens digit of h?
1
Let s be ((-1)/2)/(1/(-8)). Let r(i) = i**2 - 7*i + 9. Let n be r(6). Suppose -5*x = y - 17, -s*x - n*y = -0*x - 7. What is the units digit of x?
4
Suppose 0 = 3*k + 12, -2*k = -0*d + d - 62. What is the units digit of d?
0
Let c = 13 - 7. Suppose -5 - c = -w. What is the units digit of w?
1
Suppose 2*q - 3*q - 1 = 0, 2*q + 102 = s. What is the tens digit of s?
0
Let p(w) = w**2 + 2*w - 32. What is the units digit of p(13)?
3
Let t = 5 + 0. Suppose 3*q + k + 23 = 0, -3*q - 2 = t*k + 5. Let c = -3 - q. What is the units digit of c?
6
Let k(z) = -z - 3. What is the units digit of k(-16)?
3
Let i be (-2 - -3)/((-3)/(-24)). Let w = i - -2. What is the tens digit of w?
1
Let q(t) = -10*t**3 + 3*t**2 - 12*t - 24. What is the hundreds digit of q(-3)?
3
Suppose -d = -4*v - 225, 5*d - 2*d - 4*v - 683 = 0. What is the tens digit of d?
2
Let j = 25 + -15. Let y be (-5)/1*4/j. Let n = 14 + y. What is the tens digit of n?
1
Suppose 10 = -f - k - 22, 156 = -5*f - 3*k. Let n = -6 - f. What is the tens digit of n?
2
Let d = -10 + 39. Let b = d - 11. What is the units digit of b?
8
Suppose -5*y = -w - 27, -3*w + 15 = 2*y - y. Let p = -9 + y. What is the tens digit of (-64)/p - 3/9?
2
Suppose -11 = 4*a + 5*d + 9, 3*a - 12 = 3*d. Suppose y + y - 28 = a. What is the tens digit of y?
1
Let y(k) = -22*k - 6. What is the units digit of y(-2)?
8
Let y be (-3)/3 + 111/3. Let t be -3*(-1)/1*1. Suppose -s = t*s - y. What is the units digit of s?
9
Let a(d) = -d + 21. Let v be a(0). Let i = v + -13. What is the units digit of i?
8
Let f(x) = -3*x - 5. Let p be f(5). Let l be p/(-1) + (5 - 4). What is the units digit of (-2)/7 - (-153)/l?
7
Suppose 3*c - v - 28 = 0, -4*v + 60 = 4*c - 4. What is the tens digit of c?
1
Suppose -52 = -7*i + 123. What is the units digit of i?
5
Suppose 2*h - 4*y - 8 = -2*y, 8 = -h + 5*y. Suppose 2*n = 4*z - 10, -n - 4*z - 10 = -h*z. What is the units digit of n?
5
Suppose -5*s + 2*l = -267, 2*l - 91 = -2*s + 13. What is the tens digit of s?
5
Let j be ((-2)/(-10))/((-2)/(-10)). Suppose f = -0*f - j. What is the tens digit of 10 - f/(-1)*-1?
1
Suppose 1 + 0 = -q. Let a(l) = 6*l**2 - 4*l**2 - 19*l**3 - 1 + 3*l**3. What is the units digit of a(q)?
7
Let c(r) = r**3 - 13*r**2 + 21*r + 24. What is the units digit of c(11)?
3
Suppose -8*f = -3*f - 1235. What is the units digit of f?
7
Let p(q) be the first derivative of -q**3/3 + 11*q**2/2 + 16*q - 7. What is the tens digit of p(11)?
1
Suppose 3*q = 23 + 34. What is the units digit of q?
9
Let a(y) = -y**2 - 6*y + 14. What is the units digit of a(-7)?
7
Suppose -6*v + 4*v = -2, -413 = -5*z + 2*v. What is the units digit of z?
3
Let g = 3 - -2. Let x(s) = 2*s + 2 - s - 1 + 1. What is the units dig